{"id":56,"date":"2021-11-17T13:30:42","date_gmt":"2021-11-17T13:30:42","guid":{"rendered":"https:\/\/www.gaststaette-wauligmann.de\/?page_id=56"},"modified":"2022-10-10T14:26:10","modified_gmt":"2022-10-10T12:26:10","slug":"restaurant","status":"publish","type":"page","link":"https:\/\/www.gaststaette-wauligmann.de\/?page_id=56","title":{"rendered":"Restaurant"},"content":{"rendered":"\n<p>W\u00e4hrend der kalten Jahreszeit in gem\u00fctlicher Atmosph\u00e4re am Kamin sitzen. <\/p>\n\n\n\n<figure class=\"wp-block-image size-full\"><img loading=\"lazy\" decoding=\"async\" width=\"312\" height=\"320\" src=\"https:\/\/www.gaststaette-wauligmann.de\/wp-content\/uploads\/2021\/11\/kamin.jpg\" alt=\"\" class=\"wp-image-58\" srcset=\"https:\/\/www.gaststaette-wauligmann.de\/wp-content\/uploads\/2021\/11\/kamin.jpg 312w, https:\/\/www.gaststaette-wauligmann.de\/wp-content\/uploads\/2021\/11\/kamin-293x300.jpg 293w\" sizes=\"auto, (max-width: 312px) 100vw, 312px\" \/><\/figure>\n\n\n\n<p>Im westf\u00e4lischen Schankraum befinden sich f\u00fcr die vielen Stammg\u00e4ste des Hauses die beliebtesten Tische. <\/p>\n\n\n\n<figure class=\"wp-block-image size-full\"><img loading=\"lazy\" decoding=\"async\" width=\"320\" height=\"240\" src=\"https:\/\/www.gaststaette-wauligmann.de\/wp-content\/uploads\/2021\/11\/Gastraum.jpg\" alt=\"\" class=\"wp-image-57\" srcset=\"https:\/\/www.gaststaette-wauligmann.de\/wp-content\/uploads\/2021\/11\/Gastraum.jpg 320w, https:\/\/www.gaststaette-wauligmann.de\/wp-content\/uploads\/2021\/11\/Gastraum-300x225.jpg 300w\" sizes=\"auto, (max-width: 320px) 100vw, 320px\" \/><\/figure>\n\n\n\n<p> <\/p>\n\n\n\n<p><\/p>\n","protected":false},"excerpt":{"rendered":"<p>W\u00e4hrend der kalten Jahreszeit in gem\u00fctlicher Atmosph\u00e4re am Kamin sitzen. Im westf\u00e4lischen Schankraum befinden sich f\u00fcr die vielen Stammg\u00e4ste des Hauses die beliebtesten Tische.<\/p>\n","protected":false},"author":1,"featured_media":0,"parent":0,"menu_order":0,"comment_status":"closed","ping_status":"closed","template":"","meta":{"_et_pb_use_builder":"off","_et_pb_old_content":"","_et_gb_content_width":"1080","footnotes":""},"class_list":["post-56","page","type-page","status-publish","hentry"],"_links":{"self":[{"href":"https:\/\/www.gaststaette-wauligmann.de\/index.php?rest_route=\/wp\/v2\/pages\/56","targetHints":{"allow":["GET"]}}],"collection":[{"href":"https:\/\/www.gaststaette-wauligmann.de\/index.php?rest_route=\/wp\/v2\/pages"}],"about":[{"href":"https:\/\/www.gaststaette-wauligmann.de\/index.php?rest_route=\/wp\/v2\/types\/page"}],"author":[{"embeddable":true,"href":"https:\/\/www.gaststaette-wauligmann.de\/index.php?rest_route=\/wp\/v2\/users\/1"}],"replies":[{"embeddable":true,"href":"https:\/\/www.gaststaette-wauligmann.de\/index.php?rest_route=%2Fwp%2Fv2%2Fcomments&post=56"}],"version-history":[{"count":3,"href":"https:\/\/www.gaststaette-wauligmann.de\/index.php?rest_route=\/wp\/v2\/pages\/56\/revisions"}],"predecessor-version":[{"id":240,"href":"https:\/\/www.gaststaette-wauligmann.de\/index.php?rest_route=\/wp\/v2\/pages\/56\/revisions\/240"}],"wp:attachment":[{"href":"https:\/\/www.gaststaette-wauligmann.de\/index.php?rest_route=%2Fwp%2Fv2%2Fmedia&parent=56"}],"curies":[{"name":"wp","href":"https:\/\/api.w.org\/{rel}","templated":true}]}}